alculate the remainder when 240 is divided by j(9).
57
Let q = 16 + -36. Let h be (2/(-4))/(1/12). Calculate the remainder when (-588)/q - h/10 is divided by 16.
14
Suppose u + 1 = 14. Let k be (-2)/8 - (-50)/8. Calculate the remainder when u is divided by 51/k + 9/(-6).
6
Suppose 0 = -3*k - k + 28. Suppose k*s - 8 = 3*s. What is the remainder when s is divided by 2?
0
Let h be 2 + 2/(-1) - 3. Suppose -2*b = -3*b. Let l = b - h. What is the remainder when l is divided by 2?
1
Let c(g) = 2*g. Let u be c(1). What is the remainder when 9 is divided by u - -1 - (2 - 2)?
0
Let h(a) = a**3 - 4*a**2 + 4*a + 15. What is the remainder when h(7) is divided by 48?
46
Let q(v) = -v**2 + 3*v. Let n be ((-30)/(-35))/((-2)/(-14)). Let j be q(n). Let c = 70 + j. Calculate the remainder when c is divided by 18.
16
Suppose -h - 4*s + 6 = 0, -2*h + 3*s + s = 0. Suppose 1 + 7 = h*m. Calculate the remainder when 11 is divided by m.
3
Let t = 59 + -35. Let j(d) = -31 - 5*d + t - d. Calculate the remainder when j(-7) is divided by 9.
8
Let s = 112 - 71. Calculate the remainder when s is divided by 21.
20
Suppose -4*y - 48 = -7*y. Calculate the remainder when (616/(-5))/(-4) + 1/5 is divided by y.
15
Suppose 2*x - 4*b + 34 = -3*x, b = -2*x - 24. Let f be -15 - (-4 - -1)/(-3). Let c = x - f. Calculate the remainder when 23 is divided by c.
5
Suppose 3*j = 3*z - 6*z + 240, 3*z = 4*j + 233. Calculate the remainder when z is divided by 21.
16
Let o be 0 + 2/(-4)*2. What is the remainder when (o*11)/(5 + -6) is divided by 6?
5
Let p(s) = -1. Let w(h) = -h**2 - h - 3. Let b(k) = -3*p(k) + w(k). Let d be b(-3). Let m = 6 - d. What is the remainder when 33 is divided by m?
9
Let l be ((-22)/(-3))/((-2)/(-3)). Let c = 3 + l. What is the remainder when 53 is divided by c?
11
Let b(z) = 3*z**2 + 3*z - 1. Let u(s) = s**2 + 1. Let j(v) = b(v) - 2*u(v). Let h be j(-3). Let d(a) = -6*a. Calculate the remainder when d(h) is divided by 10.
8
Let o be 3/4 + (-135)/20. Let r = o - -15. Calculate the remainder when 16 is divided by r.
7
Calculate the remainder when -1 - -1 - -3 - -44 is divided by 12.
11
Suppose 0 = 5*z - 10*z - 5. Let r be (-1 + 2 + z)/1. Suppose r = q - 87 + 13. What is the remainder when q is divided by 19?
17
Suppose -83 - 4 = -a. Let p = a - 48. Calculate the remainder when p is divided by 10/3*3*2.
19
Suppose 5*d = -15 + 50. Suppose -4*v - 83 = -5*z + 28, -3*z - 5*v + 37 = 0. What is the remainder when z is divided by d?
5
Suppose 3*z + 0*z = 174. What is the remainder when z is divided by 12?
10
Let j(f) = f**2 - 2. Let m(v) = v**3 + 12*v**2 + 27*v + 4. What is the remainder when m(-9) is divided by j(2)?
0
Let x be 2 + -4 + (-114)/(-1). Let j = x - 67. Suppose -3*r = -4*o + 127 + j, -3*o - 3*r = -150. Calculate the remainder when o is divided by 16.
14
Let q(p) = 3*p + 24. Let d(c) be the first derivative of c**2 - 4*c - 1. Calculate the remainder when q(-7) is divided by d(3).
1
Suppose 4*f = 12, -5*d + 2*f + 151 = 27. Calculate the remainder when d is divided by 15.
11
Calculate the remainder when (23/(345/18))/((-6)/(-220)) is divided by 41.
3
Let n be (12/9)/(4/150). Suppose 4*t + t - n = 0. Calculate the remainder when 39 is divided by t.
9
Let c(y) = -y**2 - y + 18. Calculate the remainder when 71*16/(-4)*(-3)/12 is divided by c(0).
17
Suppose 4*f - 3*f = 19. Suppose 4*t + 5*w = 26, 3*t + 2*w - 12 = 4. Suppose 0 = t*z - 3 - 25. What is the remainder when f is divided by z?
5
Let x(t) = 70*t**2 + 1. Let r be x(1). Suppose -r = -3*g - g - 5*w, 2*g - 25 = w. What is the remainder when 3/((9/(-40))/(-3)) is divided by g?
12
What is the remainder when (-9)/36 - 321/(-4) is divided by 27?
26
Suppose 12*q + 300 = 16*q. Let k = -53 + q. What is the remainder when k is divided by 5?
2
Let x = -11 - -18. Suppose 3*k - 5 = h + x*k, 0 = 4*k. Let q = h + 14. What is the remainder when 26 is divided by q?
8
Suppose 15*o + 12 = 12*o. Let u(i) = 2*i - 4 + 1 - 4*i. Calculate the remainder when u(o) is divided by 3.
2
Let w(t) = -5*t - 30. What is the remainder when 37 is divided by w(-8)?
7
Calculate the remainder when 7 is divided by 6/7*(-16 + 23).
1
Let q be 0/((-2)/1 + 1). Let o = -19 - q. What is the remainder when (1 - 2)/1*o is divided by 10?
9
Suppose -5*l + 22 = 2*v, -3*v = -3*l - 2*v + 22. What is the remainder when 23 is divided by l?
5
Let k(y) = 2*y**3 - 2*y - 1. Let f be k(-1). Let o(h) = -14*h - 1. Let v = -6 + 13. Calculate the remainder when o(f) is divided by v.
6
Suppose 5*n - 14 - 16 = 0. Suppose 3*k = 4*s - 76, 11*s = n*s - 3*k + 95. What is the remainder when 55 is divided by s?
17
Suppose -d + 6 = d. Let i(c) = -c**2 + 17*c + 10. What is the remainder when i(17) is divided by d?
1
Let m(g) = -g**3 - 7*g**2 - 9*g + 1. Calculate the remainder when m(-7) is divided by 17.
13
Let v(p) = -p. Let u(y) = -16*y - 3. Let x(a) = u(a) - 5*v(a). What is the remainder when x(-5) is divided by 14?
10
Suppose 5*g + 2*t - 6*t - 110 = 0, -3*t = 0. Suppose 0 = 5*z - 2*y - 31, 3*z - 8*z + g = y. What is the remainder when 14 is divided by z?
4
Let f be (-36)/16*(-4)/3. Suppose 2*k + 8 = f*y - 144, 137 = 3*y - 5*k. Calculate the remainder when y is divided by 14.
12
Suppose -85 - 121 = -2*d. Let p(c) = -2*c + 35. What is the remainder when d is divided by p(0)?
33
Suppose -p + 17 = 2*p + 5*m, 3*p - 2*m - 31 = 0. What is the remainder when 16 is divided by p?
7
Let x = -70 + 136. Suppose -3*p = -p - 34. What is the remainder when x is divided by p?
15
Let a(n) = 0*n + 55 + 7 - n. Let r be a(0). Suppose 5*w - 2*s = r, -58 = -5*w + 4*s - s. What is the remainder when 26 is divided by w?
12
Let u = 93 + -33. Suppose 2*y = -0*y + u. Suppose -4*m + 8 = 0, 2*v - 5*m = -3*v + y. Calculate the remainder when 14 is divided by v.
6
Suppose -3*b - 54 = -5*b. Suppose -3*w = -3 - b. What is the remainder when 19 is divided by w?
9
Let u = -16 - -32. What is the remainder when 29 is divided by u?
13
Let g(q) = -2*q - 4. Let f be g(-3). Suppose 102 = 5*a - f*a. Suppose p + 0*u = 4*u + a, 4*p - 3*u = 136. What is the remainder when p is divided by 12?
10
Let n = -8 + 21. Let k(u) = 3*u - 5. Let s be k(-5). Let g = 17 - s. What is the remainder when g is divided by n?
11
Let p = -228 + -64. What is the remainder when (-6)/(-21) - p/7 is divided by 2*1*(-30)/(-4)?
12
Let n(t) = 2*t + 1. Let x be n(1). Suppose 85 = x*z + 2*z. Calculate the remainder when z is divided by 12/(-4)*3*-1.
8
Let h = 18 + -15. What is the remainder when 5 is divided by h?
2
Suppose 8 - 53 = -3*q. Calculate the remainder when 57 is divided by q.
12
Suppose 2*y - 94 = -d, 3*d + 166 = 3*y + 34. Suppose 0 = 5*b + 11 - y. Let w = b + 1. Calculate the remainder when 14 is divided by w.
6
Suppose -f = -4 - 5. Suppose j = f + 3. Let l(n) = n**3 - 8*n**2 + 9*n + 9. Calculate the remainder when l(7) is divided by j.
11
Let t(y) = -y**3 + 6*y**2 - 4*y - 4. What is the remainder when (-12)/(-16) + 1/4 is divided by t(5)?
0
Let y = 4 - 2. What is the remainder when 2 is divided by y?
0
Let f = 2 + 0. Suppose f*m + m = -4*u + 74, -4*u = 4*m - 104. Calculate the remainder when m is divided by 16.
14
Suppose -3*p + 0*p = 5*d - 19, -2*d + 1 = -p. Let y(z) = 3*z + 6. Let x be y(-8). Calculate the remainder when x/4*4/(-6) is divided by d.
1
Suppose -c + 12 = -2*w, 3*w = -3*c + 24 + 12. Calculate the remainder when 22 is divided by c.
10
Suppose q = 2*q - 5. Suppose -36 = -q*l + 59. Let h(t) = 3*t**2 - 4*t. Calculate the remainder when h(5) is divided by l.
17
Suppose -15 = -s + 4. What is the remainder when s is divided by 10?
9
Let c(d) = d**3 - 3*d**2 + 2*d - 2. What is the remainder when 85 is divided by c(4)?
19
Let a(c) = c + 26. Calculate the remainder when 41 is divided by a(-15).
8
Let c = -1 + 4. What is the remainder when 8 is divided by c?
2
Suppose 0 = -62*u + 86*u - 264. Suppose 0 = -4*o + 12 + 12. What is the remainder when u is divided by o?
5
What is the remainder when 57 is divided by (-3 + 6 - -15) + 2?
17
Let c = -56 - -79. Let x = -11 + 14. Suppose -x*q = 2*z - 26, 3*z = 2*q - 2*z - 49. Calculate the remainder when c is divided by q.
11
Let g = -41 - -60. What is the remainder when 36 is divided by g?
17
Let x(y) be the third derivative of y**4/3 - y**3/6 - 2*y**2. What is the remainder when 57 is divided 